 (base 7) to base 3.
-102102112001
Convert 1645332 (base 7) to base 4.
320021130
What is 3042401101 (base 5) in base 12?
20b9114
Convert 12010100112012 (base 3) to base 11.
159aa85
What is 32466665 (base 7) in base 14?
528a6c
Convert -3a83 (base 11) to base 7.
-21302
What is 147f0 (base 16) in base 7?
466521
Convert 748477 (base 9) to base 13.
127bc4
Convert 10221624 (base 9) to base 11.
285803a
-4254663 (base 7) to base 9
-868413
340aa02 (base 11) to base 14
b16c81
1056027 (base 13) to base 5
2233422304
-71703 (base 13) to base 5
-23001220
11403131 (base 5) to base 16
1a0aa
What is -19653 (base 10) in base 6?
-230553
Convert 99911 (base 15) to base 11.
303744
What is -5131134 (base 8) in base 4?
-11023021130
What is 11985719 (base 10) in base 8?
55561467
-25e1b (base 16) to base 15
-30e93
1317693 (base 10) to base 7
14125446
Convert -18880 (base 14) to base 16.
-f260
220423032 (base 5) to base 10
951642
Convert 1d35b9 (base 14) to base 15.
15a18c
Convert 520636 (base 7) to base 15.
1b63d
What is -486dd (base 14) in base 9?
-288702
1012353302 (base 6) to base 4
213332331212
-4253652 (base 7) to base 11
-323953
-227162 (base 8) to base 14
-20306
What is 22124070 (base 8) in base 10?
4761656
What is -3948b (base 14) in base 5?
-14001401
-4947a (base 14) to base 10
-179252
What is -1153401 (base 6) in base 4?
-33010021
20023243 (base 5) to base 13
56b7b
-12070 (base 14) to base 7
-242200
What is 19c14 (base 13) in base 3?
2120002220
101010011001111001011 (base 2) to base 14
282551
-2a3d7c (base 16) to base 10
-2768252
122611 (base 10) to base 12
5ab57
What is -1100101110100010111 (base 2) in base 14?
-abdb1
44247272 (base 8) to base 2
100100010100111010111010
Convert 332444 (base 7) to base 9.
88262
-11446 (base 16) to base 3
-10121000111
Convert 7557260 (base 8) to base 16.
1edeb0
-1010110111101000000110 (base 2) to base 11
-1676790
What is 10088 (base 15) in base 16?
c641
Convert -433007 (base 10) to base 5.
-102324012
What is -101091 (base 16) in base 10?
-1052817
What is -1100421341 (base 5) in base 15?
-3188b6
Convert -28b18 (base 15) to base 10.
-130748
112222122021 (base 3) to base 16
48046
What is 1004a9 (base 11) in base 4?
213131312
Convert 11135534 (base 6) to base 9.
566674
-2457891 (base 10) to base 7
-26614602
What is 17ca98 (base 16) in base 7?
16152515
Convert 12111211002 (base 3) to base 6.
2154132
adcb47 (base 16) to base 8
53345507
Convert -37122467 (base 8) to base 16.
-7ca537
Convert -1353423 (base 7) to base 14.
-4a113
What is 17491 (base 15) in base 16?
12616
What is 221555 (base 14) in base 15?
17c904
23433222 (base 6) to base 10
735566
Convert -5847227 (base 9) to base 7.
-35604061
What is -331330320222 (base 4) in base 10?
-16240170
133212141 (base 5) to base 14
139674
-1047702 (base 8) to base 12
-11762a
What is 2700487 (base 9) in base 16?
168814
Convert -16369 (base 13) to base 4.
-22111201
88ee9 (base 16) to base 6
20004345
-ba39 (base 13) to base 10
-25905
Convert 131100021 (base 4) to base 15.
2577c
Convert 1c13b3 (base 15) to base 7.
14440233
What is -3314063 (base 7) in base 13?
-113450
What is -323022 (base 4) in base 7?
-14016
11841053 (base 9) to base 3
101221101001210
What is 1210121022 (base 3) in base 5?
2113212
What is 100121211022 (base 3) in base 2?
101110001111100101
What is -15011405 (base 6) in base 7?
-4243046
What is -120a2b (base 12) in base 4?
-1013033003
What is 11211313 (base 4) in base 8?
54567
Convert 502087 (base 10) to base 3.
221111201211
-51019 (base 13) to base 6
-3035224
Convert -421203 (base 6) to base 10.
-33987
What is -10100111111000100 (base 2) in base 5?
-10222311
Convert -110111111101111100 (base 2) to base 10.
-229244
164116 (base 8) to base 9
100517
-125103145 (base 6) to base 12
-9b7ab5
What is -6640614 (base 7) in base 15?
-111e80
Convert 6a6569 (base 11) to base 6.
40011330
544 (base 7) to base 11
232
141c53 (base 14) to base 15
db63c
2a2108 (base 11) to base 13
1366a1
27e462 (base 16) to base 7
31136033
101100011111111001101001 (base 2) to base 13
255568a
Convert 100101044 (base 5) to base 16.
602ab
6f6ef (base 16) to base 8
1573357
Convert 104255015 (base 6) to base 3.
10112222201102
What is 222212100 (base 3) in base 11?
13794
What is -1213310332 (base 4) in base 10?
-425278
Convert 211223320132 (base 4) to base 9.
20526474
-12323022 (base 5) to base 9
-203123
Convert 151969 (base 10) to base 16.
251a1
Convert -403012131 (base 5) to base 4.
-12021020303
What is -3b817b (base 12) in base 3?
-1212020011212
Convert -75c625 (base 15) to base 14.
-a60999
What is -3155736 (base 8) in base 6?
-30021250
What is -3052614 (base 8) in base 3?
-1112001211020
What is d2b4 (base 14) in base 10?
36222
Convert -10306111 (base 7) to base 2.
-11010101111000101111
What is b28054 (base 15) in base 5?
4132401304
What is 2010120011 (base 3) in base 16?
a3ea
-122122212221201 (base 3) to base 5
-4400332234
-25ca6 (base 14) to base 12
-45a22
Convert 111111101100101110001 (base 2) to base 5.
1013243111
100111100100110111 (base 2) to base 5
20141403
Convert -40103200 (base 5) to base 6.
-10435110
Convert 1004a (base 11) to base 7.
60562
Convert 366000 (base 7) to base 16.
10545
-1030230013 (base 4) to base 14
-82691
212110220020011 (base 3) to base 8
57461111
4433550 (base 6) to base 7
1614420
What is -11781063 (base 9) in base 16?
-583623
-710b (base 12) to base 10
-12251
-4da113 (base 14) to base 10
-2678357
Convert -43510112 (base 6) to base 7.
-14022614
40335535 (base 6) to base 10
1148243
-176e97 (base 15) to base 6
-40213124
Convert 1180584 (base 9) to base 3.
1012200122211
-324223110 (base 5) to base 12
-575402
Convert -3002422 (base 6) to base 13.
-4bc92
What is 5865c (base 13) in base 15?
32c9c
-157748 (base 14) to base 12
-302418
7341332 (base 9) to base 3
21101101101002
Convert 1a99ab (base 14) to base 2.
11100111100101110011
Convert -113116 (base 8) to base 16.
-964e
Convert -404032 (base 6) to base 3.
-1121212202
Convert -32054204 (base 8) to base 3.
-110212102112020
-2020100112110 (base 3) to base 11
-741568
What is 1551465 (base 7) in base 13?
766b9
11c9cb (base 15) to base 4
3100023230
Convert 28b29c6 (base 13) to base 9.
26318105
What is 3320030030 (base 4) in base 11?
634861
-5174681 (base 9) to base 3
-12012111202201
-10acb82 (base 14) to base 11
-453a138
Convert -2c7c86 (base 14) to base 7.
-16150126
What is -11d660 (base 16) in base 12?
-484600
-163232 (base 9) to base 3
-12010021002
6313987 (base 10) to base 3
102212210011101
Convert -210105 (base 9) to base 16.
-1e749
Convert 1230022 (base 6) to base 7.
363512
12211063 (base 7) to base 10
1095244
-20312413 (base 5) to base 12
-80500
What is -32425234 (base 6) in base 9?
-1734744
-1662776 (base 8) to base 2
-1110110010111111110
4375641 (base 8) to base 9
2185566
What is 305020223 (base 6) in base 16?
507cb7
What is -22350 (base 13) in base 6?
-1155240
Convert 2571d (base 14) to base 2.
10110011100101111
Convert 10784a (base 11) to base 15.
35bb0
Convert 141220321 (base 6) to base 9.
5345044
Convert 322621 (base 8) to base 9.
174032
What is 2102210120010 (base 3) in base 4?
10330030020
Convert 201010011 (base 4) to base 2.
100001000100000101
-1023434 (base 5) to base 15
-522e
Convert -24a46 (base 12) to base 15.
-eba3
What is 210120203202 (base 4) in base 6?
540232150
3c47c2 (base 15) to base 9
5411232
Convert -295a30 (base 11) to base 12.
-1a3289
112220122220001 (base 3) to base 12
27a26b4
Convert 102189 (base 10) to base 11.
6a85a
What is 1311210 (base 4) in base 9?
11280
What is -12257055 (base 10) in base 12?
-4131253
Convert 210121201 (base 4) to base 3.
21120111211
-1225520 (base 9) to base 6
-22142413
What is 1103230110 (base 4) in base 6?
11203020
-231410211 (base 5) to base 10
-1044431
Convert 5d9bb (base 14) to base 15.
480c1
Convert -3151aa (base 11) to base 15.
-9e810
2012210002012 (base 3) to base 9
2183065
31554331 (base 6) to base 4
3203233033
What is 101010100111110000100 (base 2) in base 4?
11110332010
What is 2dadbc (base 16) in base 11?
1765151
What is 12453 (base 10) in base 5?
344303
What is -dd5b3 (base 15) in base 12?
-29abb9
Convert -100001011110011101011001 (base 2) to base 7.
-134406405
-1000210202010120 (base 3) to base 4
-320113221132
-21040142 (base 6) to base 9
-1132168
386896 (base 11) to base